e
Is 1036130 a multiple of 12?
False
Is 328992 a multiple of 368?
True
Is 178850 a multiple of 98?
True
Is 13853 a multiple of 51?
False
Does 4 divide 16143160?
True
Is 4 a factor of 18628?
True
Is 1014258 a multiple of 399?
True
Is 801219 a multiple of 6?
False
Is 183714 a multiple of 402?
True
Is 37 a factor of 246346?
True
Is 148680 a multiple of 10?
True
Does 31 divide 1594113?
True
Is 26173780 a multiple of 13?
False
Is 21 a factor of 821037?
True
Is 8 a factor of 417587?
False
Does 43 divide 14319?
True
Does 11 divide 367033?
False
Does 11 divide 2242975?
False
Is 5 a factor of 759895?
True
Is 24 a factor of 107280?
True
Is 17 a factor of 2151215?
False
Is 80 a factor of 38233?
False
Is 1846079 a multiple of 6?
False
Is 4791843 a multiple of 483?
True
Is 167121 a multiple of 31?
True
Is 99499 a multiple of 58?
False
Does 52 divide 16120?
True
Is 28608 a multiple of 48?
True
Is 105964 a multiple of 59?
True
Does 20 divide 231900?
True
Does 185 divide 108577?
False
Does 33 divide 124560?
False
Is 175741 a multiple of 191?
False
Is 26 a factor of 171808?
True
Does 398 divide 1795378?
True
Does 19 divide 594800?
False
Does 763 divide 1707328?
False
Is 7352266 a multiple of 1225?
False
Is 7 a factor of 134666?
True
Is 95 a factor of 399000?
True
Is 339 a factor of 1036662?
True
Does 13 divide 104273?
True
Is 3423320 a multiple of 92?
True
Is 160 a factor of 4092960?
True
Does 78 divide 1573558?
False
Is 10 a factor of 104929?
False
Is 560154 a multiple of 124?
False
Is 42 a factor of 133302?
False
Does 16 divide 210256?
True
Does 19 divide 14035083?
False
Is 581 a factor of 126658?
True
Is 2006774 a multiple of 77?
True
Is 74 a factor of 137683?
False
Does 43 divide 467395?
False
Is 5 a factor of 1342181?
False
Does 44 divide 59056?
False
Is 141273 a multiple of 110?
False
Is 351788 a multiple of 62?
True
Is 2586629 a multiple of 47?
False
Is 9315342 a multiple of 333?
True
Is 7 a factor of 205859?
False
Does 33 divide 647512?
False
Does 694 divide 2014682?
True
Is 136 a factor of 5796592?
True
Does 20 divide 8140685?
False
Does 40 divide 177440?
True
Is 726 a factor of 1200718?
False
Is 9 a factor of 162261?
True
Is 9 a factor of 9489456?
True
Does 390 divide 1955850?
True
Is 110 a factor of 381426?
False
Is 1645914 a multiple of 97?
False
Does 55 divide 3099613?
False
Does 350 divide 3097850?
True
Does 29 divide 5685701?
False
Does 48 divide 329074?
False
Is 104890 a multiple of 144?
False
Is 62 a factor of 32802402?
True
Does 145 divide 426379?
False
Does 888 divide 7442328?
True
Is 6 a factor of 35002?
False
Is 21 a factor of 10164?
True
Is 1289200 a multiple of 88?
True
Is 35 a factor of 347410?
True
Is 22 a factor of 251328?
True
Is 9 a factor of 385850?
False
Is 57 a factor of 188460?
False
Does 62 divide 1061936?
True
Does 17 divide 4884?
False
Is 8 a factor of 57176?
True
Does 7 divide 89425?
True
Is 477862 a multiple of 7?
True
Does 20 divide 10094300?
True
Is 396862 a multiple of 31?
True
Does 12 divide 9686744?
False
Is 3069875 a multiple of 471?
False
Is 4 a factor of 29420?
True
Is 38 a factor of 3965502?
False
Does 32 divide 1022624?
True
Is 39 a factor of 104005?
False
Is 7 a factor of 2946335?
True
Does 8 divide 21098?
False
Is 17923 a multiple of 66?
False
Is 142 a factor of 459748?
False
Is 135 a factor of 1191510?
True
Is 8 a factor of 162152?
True
Is 541758 a multiple of 10?
False
Is 254793 a multiple of 7?
True
Does 18 divide 21624840?
True
Is 6 a factor of 2866530?
True
Does 241 divide 625154?
True
Does 69 divide 24357?
True
Does 77 divide 705563?
False
Is 297670 a multiple of 289?
True
Is 228660 a multiple of 103?
True
Is 1009 a factor of 450371?
False
Is 187 a factor of 8160240?
False
Is 47 a factor of 1992283?
True
Is 23 a factor of 10301451?
False
Is 112287 a multiple of 123?
False
Is 7 a factor of 27939?
False
Does 299 divide 277155?
False
Does 244 divide 1558425?
False
Is 8 a factor of 7344776?
True
Is 3 a factor of 3820160?
False
Is 319 a factor of 14758216?
True
Is 14 a factor of 1357552?
True
Is 2196497 a multiple of 221?
False
Is 6488830 a multiple of 607?
True
Is 151046 a multiple of 64?
False
Is 241975 a multiple of 190?
False
Is 1118988 a multiple of 468?
True
Is 6336325 a multiple of 484?
False
Is 14 a factor of 19118288?
True
Is 16044708 a multiple of 61?
True
Is 522625 a multiple of 18?
False
Is 169 a factor of 559207?
False
Is 696696 a multiple of 8?
True
Is 546 a factor of 291564?
True
Does 5 divide 1131520?
True
Does 67 divide 1239304?
False
Does 14 divide 280042?
True
Is 134 a factor of 40736?
True
Is 40 a factor of 170934?
False
Is 5 a factor of 1298512?
False
Does 10 divide 18961120?
True
Does 28 divide 1584632?
True
Is 77 a factor of 3051664?
True
Is 387 a factor of 874549?
False
Is 12 a factor of 499644?
True
Does 59 divide 385233?
False
Is 234968 a multiple of 49?
False
Is 4136204 a multiple of 159?
False
Does 15 divide 270945?
True
Is 274 a factor of 71514?
True
Does 169 divide 105324?
False
Does 35 divide 9541455?
True
Does 8 divide 125520?
True
Is 10 a factor of 64983?
False
Does 335 divide 1963100?
True
Is 4184290 a multiple of 110?
True
Does 137 divide 485528?
True
Does 166 divide 44986?
True
Is 25488640 a multiple of 40?
True
Is 14 a factor of 6108?
False
Is 18153637 a multiple of 977?
True
Does 106 divide 10892984?
True
Does 27 divide 12169627?
False
Is 19467927 a multiple of 103?
True
Is 6 a factor of 150820?
False
Does 164 divide 119868?
False
Is 76 a factor of 122892?
True
Is 408 a factor of 167688?
True
Does 15 divide 390366?
False
Is 27 a factor of 193158?
True
Does 65 divide 393824?
False
Does 18 divide 322186?
False
Is 6 a factor of 3041564?
False
Does 13 divide 60606?
True
Is 1886288 a multiple of 3?
False
Does 84 divide 2458008?
True
Does 23 divide 12427440?
False
Is 2011698 a multiple of 5?
False
Is 418 a factor of 860244?
True
Does 26 divide 96604?
False
Does 42 divide 321972?
True
Is 73 a factor of 662621?
True
Does 17 divide 129928?
False
Does 94 divide 2729948?
True
Is 958874 a multiple of 40?
False
Is 77929 a multiple of 8?
False
Does 227 divide 162931?
False
Does 23 divide 12219279?
True
Is 23 a factor of 7762682?
False
Does 349 divide 239065?
True
Is 480 a factor of 3066720?
True
Does 243 divide 81648?
True
Is 7820425 a multiple of 85?
True
Is 27094 a multiple of 19?
True
Does 317 divide 8709258?
True
Is 718 a factor of 880268?
True
Does 55 divide 1908307?
False
Is 1370642 a multiple of 17?
True
Does 49 divide 158074?
True
Is 810258 a multiple of 396?
False
Does 9 divide 75402?
True
Does 38 divide 53466?
True
Does 74 divide 2461182?
False
Does 213 divide 472958?
False
Is 225248 a multiple of 16?
True
Does 15 divide 30927?
False
Is 1577881 a multiple of 315?
False
Is 45816 a multiple of 2?
True
Does 74 divide 78292?
True
Does 30 divide 381300?
True
Does 20 divide 38423?
False
Is 1261370 a multiple of 11?
True
Is 7663454 a multiple of 132?
False
Does 160 divide 3106114?
False
Is 530 a factor of 785460?
True
Is 363874 a multiple of 98?
True
Does 13 divide 3015298?
True
Is 36 a factor of 392022?
False
Is 38650 a multiple of 63?
False
Does 8 divide 10382912?
True
Is 319 a factor of 3759266?
False
Is 112 a factor of 5810448?
True
Is 108 a factor of 469274?
False
Is 77 a factor of 271656?
True
Is 716161 a multiple of 16?
False
Does 7 divide 636401?
False
Is 168 a factor of 544152?
True
Does 58 divide 4228994?
False
Is 116 a factor of 288062?
False
Is 286 a factor of 729300?
True
Does 12 divide 4858282?
False
Is 25844 a multiple of 14?
True
Does 22 divide 98575?
False
Is 52 a factor of 281320?
True
Does 339 divide 442519?
False
Is 322 a factor of 4399164?
True
Is 251209 a multiple of 14?
False
Is 407 a factor of 2660966?
True
Is 328092 a multiple of 18?
False
Does 67 divide 951199?
True
Does 23 divide 157468?
False
Is 607 a factor of 1064739?
False
Is 853702 a multiple of 41?
True
Is 29 a factor of 15743?
False
Does 13 divide 511161?
False
Is 840861 a multiple of 34?
False
Does 15 divide 100058?
False
Is 103 a factor of 257958?
False
Is 12 a factor of 202392?
True
Is 6742923 a multiple of 36?
False
Does 327 divide 1055556?
True
Does 4 divide 3224515?
False
Does 6 divide 43350?
True
Is 2230619 a multiple of 19?
True
Is 11 a factor of 1325291?
True
Does 29 divide 2474773?
True